 c is divided by 12.
10
Suppose -20*t + 21*t = 2. Suppose -t*v + 60 = -q, 3*v - 2*v = -q + 33. Suppose y + 3*y - 368 = 0. What is the remainder when y is divided by v?
30
Suppose 0 = 4*s - 47 - 41. What is the remainder when 123 is divided by s?
13
Suppose 0*l = -3*l + 69. What is the remainder when (-86*3/6)/(-1) is divided by l?
20
Let r be 17/3 - (-4)/12. Suppose t - r = 43. What is the remainder when t is divided by 17?
15
Let p(v) = 6*v - 3. Suppose 3431*i = 3439*i + 4 - 156. What is the remainder when i is divided by p(2)?
1
Let q(z) = z**3 - 4*z**2 + 2*z - 4. Let k be q(4). Suppose -k = -y - 0*y. Let s = -17 - -20. What is the remainder when y is divided by s?
1
Let p = 456 - 446. What is the remainder when 28 is divided by p?
8
Let b = -336 + 395. What is the remainder when b is divided by 12?
11
Let a(v) = -5 + 19 + 2*v + 0*v + v**2 + 8*v. Let p be a(-9). Suppose -p*j + 4*n = 11 - 191, 0 = 4*n. Calculate the remainder when 71 is divided by j.
35
Let c = -335 + 513. What is the remainder when c is divided by 75?
28
What is the remainder when ((-36)/(-63))/((-3)/(-1407)) is divided by 34?
30
Suppose 4*p - 179 = 173. Let o(y) = -y**2 + 5*y - 9. Let q be o(-5). Let z = p + q. Calculate the remainder when z is divided by 11.
7
Suppose -3*l + 8 - 2 = 0. Suppose -3*w + 69 = -l*n, -2 = n + 1. Calculate the remainder when 2/(-1 - (-166)/162) is divided by w.
18
Let w = -21 + 29. Calculate the remainder when 23 is divided by w.
7
Let a(m) = -m**3 + 8*m**2 - 4*m - 8. Suppose 19407*j - 19408*j + 33 = 0. Calculate the remainder when j is divided by a(7).
7
Let s = -5 + 15. Suppose -24 = -5*z - g, -g + 20 = 3*z + g. Let k(h) = -h**3 + 5*h**2 + h + 7. What is the remainder when k(z) is divided by s?
7
Let s(m) = -m**2 + 26*m - 93. Suppose 2*b = 43 + 43. Calculate the remainder when b is divided by s(5).
7
Suppose 4*b - 2*n = 607 - 61, 5*b + 4*n = 676. Calculate the remainder when 248 is divided by b.
112
Suppose -2*m + 95 = -105. Suppose -3*f + 2*i - 6*i + 74 = 0, -5*i = 4*f - m. What is the remainder when 57 is divided by f?
27
Let v = -19 - -40. Let d = v + -19. Suppose -2*m = -16 + d. What is the remainder when 25 is divided by m?
4
Let r = 9 - -3. What is the remainder when (-132)/14*((-95)/10 + 6) is divided by r?
9
Let s(j) = j**2 + 2*j + 1. Let u be s(-2). Calculate the remainder when (0 - -11)*5*u is divided by 19.
17
Let g = 16 - 3. Let n = 1183 - 1145. Calculate the remainder when n is divided by g.
12
Let t(v) = v**3 - 17*v**2 - 42*v + 104. What is the remainder when 385 is divided by t(19)?
21
Let o be (-26)/91 - (-2 + (-226)/7). Let l = o - 28. Calculate the remainder when 16 is divided by l.
4
Let k = 6 + -7. Let i = k + 0. Let l(w) = 14*w**2 + w + 1. What is the remainder when 55 is divided by l(i)?
13
Suppose 6*g - 317 + 83 = 0. Let j = g - 38. Calculate the remainder when 2 is divided by j.
0
Suppose -8 + 32 = 3*l. Suppose 0 = 4*z - 3*z - l. Suppose 0 = 5*s - 9*s + z. Calculate the remainder when 3 is divided by s.
1
Let m = -15 + 22. Calculate the remainder when 81 is divided by m.
4
Let c(f) = -3*f + 11. Let d = -3 - 2. Let p = -135 + 211. What is the remainder when p is divided by c(d)?
24
Let d(c) = 2*c**2 + 3*c - 4. Let t be d(4). Let z = -19 + t. What is the remainder when z is divided by 12?
9
Let l(d) = 2*d**2 - 32*d + 52. Calculate the remainder when l(16) is divided by 21.
10
Calculate the remainder when 118 is divided by 0 + 2 + 1 + (-28)/(-7).
6
Let n(f) = 2*f**2 + 4*f - 4. Let q = -13 + 18. Suppose -2*z + 51 = z. Calculate the remainder when n(q) is divided by z.
15
Suppose 4*r - 92 = -4*a, -r + 8 + 13 = 2*a. Suppose r - 2 = c. What is the remainder when c is divided by 13?
10
Let a = 20 - 5. Suppose -4*d - 40 = -5*y, -y + 3*d + 3 = -4*y. Suppose n = v - 32, -v - 76 = -y*v - 2*n. What is the remainder when v is divided by a?
13
Let j = 4 + -32. What is the remainder when 167 is divided by (3 - 2)*-2*j?
55
Let l be (2*(-1)/6)/((-4)/12). Suppose 3*q + 4*x = 44, -2*x = -5 + l. What is the remainder when 70 is divided by q?
10
Suppose 0 = 6*v - 139 - 173. Calculate the remainder when 153 is divided by v.
49
Let n(l) = 10*l - 4. Let j be (-9)/18*(-2 + -92). Suppose -j*x + 46*x + 10 = 0. What is the remainder when n(3) is divided by x?
6
Let v(x) = -15*x + 1. Let f be v(-1). Let o = f - 22. Let d(g) = 2*g**2 + 7*g + 9. Calculate the remainder when d(o) is divided by 10.
9
Let h(q) be the first derivative of -5*q**2/2 - 5*q + 16. Calculate the remainder when h(-2) is divided by -1*(0 + 1 + -3).
1
Let n(d) = -3*d - 2. Let v be n(-2). Suppose v*a + 482 = 8*a + 2*c, c - 3 = 0. What is the remainder when a is divided by 24?
23
Let i = -38 - -50. Let f = 71 - i. Suppose 3*k + c = f + 85, 0 = 4*k - c - 185. What is the remainder when k is divided by 16?
15
Let o = -1 + 2. Suppose 28 = q - 5*t + 1, 0 = -4*q - t + 3. What is the remainder when (24/9 - o)*3 is divided by q?
1
Let i(d) = -d + 97. What is the remainder when i(0) is divided by 9?
7
Let i be (-14)/3*150/(-35). Let d = 37 - i. What is the remainder when 49 is divided by d?
15
What is the remainder when (-20)/330 + 21256/66 is divided by 26?
10
Suppose 7*b - 9*b = 70. Let c = -14 - b. Calculate the remainder when 78 is divided by c.
15
Let b = 116 + -101. Let s = -7 - -7. Suppose s = 3*q + 2*n - 262, 0*q + 2*q + 3*n - 173 = 0. What is the remainder when q is divided by b?
13
Suppose -2749 = -34*b - 369. Calculate the remainder when 140 is divided by b.
0
Suppose 0 = 2*u - 8, -2*v - 2*v + 80 = u. What is the remainder when 70 is divided by v?
13
Suppose -z - 6 = -3*j, -2*j + 3 = 3*z - 1. Suppose 153 = j*s + s. What is the remainder when s is divided by 11?
7
Let z be (-129)/(-45) - (-2)/15. Let w(t) = 0*t**2 - 39*t**z + t**3 + t**2. What is the remainder when w(-1) is divided by 8?
7
Let g = -2148 - -2192. Let k(l) = -7*l**3 - 2*l**2 - 2*l - 4. Calculate the remainder when k(-3) is divided by g.
41
Suppose -d + 5*r = -23, 99 = 5*d - 4*r + 26. Let v(w) = w**3 - 5*w**2 + 2*w - 5. Let n be v(4). Let c = d - n. Calculate the remainder when 76 is divided by c.
24
Calculate the remainder when 877 is divided by (27/18)/(((-3)/(-220))/1).
107
Let d(z) = -3*z**2. Let b be d(-1). Let q(c) be the second derivative of c**4/12 - c**3/3 - 3*c**2 + 7*c. Calculate the remainder when 16 is divided by q(b).
7
Let k = -178 + 180. Let m(x) = -x + 8. Let h = -14 + 20. Calculate the remainder when k is divided by m(h).
0
Let l = 0 - -8. What is the remainder when ((12 - 22) + 12)*(-19)/(-2) is divided by l?
3
Suppose 22*u - 16*u - 192 = 0. What is the remainder when 92 is divided by u?
28
Suppose -13*b + 4852 = 1446. What is the remainder when b is divided by 53?
50
Let i = -207 - -207. Suppose 4*g - 56 - 104 = i. Suppose m - 34 = -m + 3*s, -m - s + 7 = 0. Calculate the remainder when g is divided by m.
7
Suppose 3*h - 303 = -5*x - 255, 3*h + 4*x - 51 = 0. Calculate the remainder when 1*(-206)/((-2)/1) is divided by h.
19
Let z = 17 + -9. Suppose -3*t + 88 + 2 = 0. Calculate the remainder when t is divided by z.
6
Calculate the remainder when 4 - (2 + 717/9)*-3 is divided by 42.
39
Let q = -102 - -35. Let v = -49 - q. Suppose 5*k - 17 = -0*o - 3*o, 5*o = -5*k + 25. What is the remainder when v is divided by o?
2
Calculate the remainder when 95 is divided by (14/(-42))/((-2)/192).
31
Suppose 28 = 4*j - 5*y, 4*j + 4*y = 2*j + 40. Let r = -1 - -1. Suppose r*q + 5 = q. What is the remainder when j is divided by q?
2
Suppose 25 = 12*d - 11. Calculate the remainder when 0/d + (28*8 - 2) is divided by 28.
26
Suppose 30 = 3*n - 0*n. Let v be 78/n + 4/(-5). Let l(z) = z**3 - 8*z**2 + 9*z - 9. What is the remainder when 14 is divided by l(v)?
4
Suppose 0 = 15*n - 241 - 1589. Calculate the remainder when n is divided by 64.
58
Suppose 0*z + 9 = -3*z. Let p be (-28)/(-9) + 4/(-36). What is the remainder when (32 + z)/(p + -2) is divided by 16?
13
Suppose 0 = i - 2*r + 4*r - 17, 5*i + 5*r - 85 = 0. Calculate the remainder when (42/(-56))/(6/(-244))*2 is divided by i.
10
Let v = -388 + 443. What is the remainder when 230 is divided by v?
10
Let g be 2 + ((-3)/(-15) - (-12)/(-10)). Let v = 44 + g. What is the remainder when v is divided by 16?
13
Suppose 29 = 5*p + 9. Suppose 2*j + p*a = 36, 5*a = 3*a. What